 6862. Suppose i = 3*l + 142. Is l a prime number?
True
Let h = 2 - -7. Let p be 6/2*(-30)/h. Let a = 25 + p. Is a composite?
True
Suppose 2*a = 5*t - 5203, -945 = -3*t + 2*a + 2180. Is t composite?
False
Let f = 4 - 4. Let q be (-1 + f)*18/(-3). Suppose 211 = -5*n + q*n. Is n composite?
False
Is 3142 + 1 + -2 + (2 - 0) a prime number?
False
Is (25/10 + -4)/(6/(-12044)) a composite number?
False
Let m(p) = -4*p + 122. Let l be (-1)/1*0/(-3). Is m(l) a composite number?
True
Let o = -13347 + 19464. Is o prime?
False
Suppose 3 = 2*n - 7. Suppose l - n = 0, 2*f + 2*l = l + 767. Is f prime?
False
Let y(g) = 97*g**2 + g + 3. Suppose -2*u = 8, -u = 3*f - 3 - 2. Is y(f) a composite number?
True
Suppose -2*v + 2664 = -2*d, 6645 = 5*v - 2*d - 0*d. Suppose -5*w + 1098 = -v. Is w prime?
False
Let v(q) = 57049*q - 20. Is v(1) a composite number?
True
Suppose 0*w + 3*w = 468. Let s = 230 - w. Let i = s - -15. Is i prime?
True
Is 53677 - 0/((-4)/4) composite?
True
Suppose -5*n + 164 + 76 = 0. Suppose n + 165 = a. Is a a prime number?
False
Is (-10)/3*(-4353)/(-4)*-2 a composite number?
True
Suppose 0 = 4*j - 0*m + m - 8465, 5*j + 5*m - 10570 = 0. Let g = -1428 + j. Is g composite?
True
Let s = -11 + 15. Let y be (-50)/(-4) - 2/s. Let h = 14 - y. Is h prime?
True
Suppose -29*a + 118 + 84765 = 0. Is a a composite number?
False
Suppose -4*h = 3*p - 6368, p = 4*h + 250 + 1862. Let m = -1443 + p. Is m a composite number?
False
Let v(y) = 0*y + 5*y - 13 + 9*y. Let f be v(10). Suppose 0 = w - 3, -4*s - w + 0*w = -f. Is s a composite number?
False
Let o(w) = -222*w + 59. Is o(-34) composite?
False
Let d(g) be the third derivative of -77*g**4/6 + 19*g**3/6 - 2*g**2 + 5. Is d(-6) composite?
False
Suppose -4*i - 2*l = -1658, 6*i - 4*i = -2*l + 824. Is i prime?
False
Is (-7)/(42/(-6)) + 4510 composite?
True
Suppose 4087 = 6*f - 10931. Is f composite?
False
Is (108/(-72))/(1/(-166)) a prime number?
False
Let d = -25 + 24. Let u be ((9/(-3))/(-1))/d. Let g(m) = 23*m**2 - 2*m - 8. Is g(u) composite?
True
Suppose -j = 4*c + 1934, c - 9570 = 5*j - 4*c. Let y = j + 3389. Is y a composite number?
False
Let o(z) be the first derivative of 19/3*z**3 + 4 + 3/2*z**2 + 3*z. Is o(3) a composite number?
True
Is (9327/(-6))/((-2)/4) prime?
True
Let s(g) = 1. Let m(u) = 4*u**2 + 0*u**3 + 6*u - u**3 + 25 - 30. Let n(c) = m(c) + 4*s(c). Is n(-5) a composite number?
True
Is (1 - -1)*(-15099)/(-14) a composite number?
True
Let h = 17798 - 2810. Let r = h - 8735. Suppose 5*v = 4*q - 6553, -2*v - r - 1934 = -5*q. Is q composite?
False
Suppose 5*a + 14 + 11 = 0, i = -3*a + 2566. Is i composite?
True
Suppose 0 = 2*d + 362 - 5152. Is d prime?
False
Suppose 0 = -5*z + 8*z. Let o be z*(-1 + (-4)/(-6)). Suppose 446 = 5*l - m, -m + 266 = 3*l - o*l. Is l prime?
True
Suppose 55*r = 10*r + 48105. Is r a composite number?
False
Suppose p = -7*p + 48. Let x(i) = 3*i**3 + 6*i**2 - 10*i - 7. Is x(p) composite?
False
Is (-125920)/(-100) - 2/30*3 a prime number?
True
Let h = -2207 - -8316. Is h prime?
False
Let t(d) = -d**3 + 7*d**2 + d - 4. Let c be t(7). Suppose 2*u + 3*a + 8 = 0, c*a - a + 8 = 0. Suppose 3*n + 5*w = 52, -2*w - 10 = -u*n - 2. Is n composite?
True
Suppose -4*t + 2 = -18. Suppose 632 = -t*o + 2487. Is o a composite number?
True
Let j(s) = -118*s + 38. Suppose -2*h - 4 - 8 = 0. Is j(h) a prime number?
False
Let q be -9*1/(6/(-2)). Let r = -1 + q. Suppose -2*b + 1267 = -w, 0*b = -r*b + 5*w + 1287. Is b a composite number?
False
Let q(h) = 23 - 16*h + 24*h - 16*h - 15*h**2 + 53*h**2. Is q(8) a composite number?
True
Suppose 56*f + 27 = 59*f. Let i = 232 - f. Is i a prime number?
True
Suppose -4*t + 5*p = -4569, 1136 = -t + 2*t + 5*p. Let s = 2018 - t. Is s composite?
False
Suppose -49918 = -9*w + 7*w + 3*f, f = w - 24959. Is w prime?
False
Let d(i) = 68*i**2 + 48*i + 389. Is d(-15) prime?
True
Let v(m) = m**3 - 9*m**2 + 3*m + 4. Suppose -2*r + 3*r = 2. Suppose r*f - 21 = -3. Is v(f) composite?
False
Let y(f) = -776*f**3 - f. Let q = -14 + 13. Let v be y(q). Suppose 7*m - 4*m - v = 0. Is m a prime number?
False
Let r(p) = -59*p + 8. Let c be r(4). Let z = -99 - c. Is z a composite number?
True
Suppose 11*c - 28664 = 66387. Is c a composite number?
False
Suppose -5*p + 57322 = -84063. Is p composite?
False
Let k be (30/(-9))/(8/(-36)). Is (k + -14)*(-1 + 678) a composite number?
False
Let t(r) = -12*r + 7. Let n be (7/2)/((-1)/2). Let u = 4 + n. Is t(u) a prime number?
True
Let v(q) be the second derivative of 11*q**4/24 + 17*q**3/6 - q**2/2 + 8*q. Let l(x) be the first derivative of v(x). Is l(12) a prime number?
True
Let n(y) = 3*y**2 + 11*y + 3. Let r(v) = 6*v + 0*v**2 + 3 + 0*v**2 - v**3 - 3*v**2. Let p be r(-4). Is n(p) composite?
False
Let c(k) = 12*k**2 + 8*k + 66. Is c(23) a prime number?
False
Let l(x) = x**3 - 7*x**2 - 9*x + 11. Let r be l(8). Let m(w) = -w + 5. Let q be m(r). Suppose p + 321 = q*p. Is p a prime number?
False
Suppose -3*o = -0*o - 10977. Is o prime?
True
Suppose -4*r = -9*r. Suppose z + 0*z + 15 = 4*o, 3*z + 9 = r. Suppose 29 = o*i - 70. Is i prime?
False
Let i(a) = 158*a**3 - 2*a**2 - 8*a + 5. Is i(3) a prime number?
True
Suppose -108*q + 111*q = -21. Let c(r) = -252*r - 25. Is c(q) prime?
False
Suppose o + 2*p - 2347 = -2*p, 0 = -5*o - 5*p + 11765. Suppose 7*z = 2*z + o. Is z prime?
False
Let d(n) = n**3 + 5*n**2 + 5*n + 1. Let s be d(-4). Let x be -1 - (s + 4 + -2). Suppose 2*r - 397 - 349 = x. Is r prime?
True
Is -4 - 84225/(-10) - (-1)/2 a composite number?
False
Suppose 0 = -3*i - 421 + 1666. Let y(k) = k**2 - 45*k + 5. Let g be y(45). Suppose f - m = i, -3*f + 26 + 1251 = g*m. Is f a composite number?
False
Let l(u) = -2493*u - 358. Is l(-7) composite?
False
Suppose -7 = -3*v - 1. Suppose v*n = 3*n. Let x(y) = y**2 + 115. Is x(n) prime?
False
Let t be ((-389)/(-7) + 16 + -21)*21. Suppose 0 = 5*l - 0*l - 35. Suppose y = l*y - t. Is y a composite number?
True
Suppose 5*t = 3*x + 106, -5*t + 5*x + 11 + 99 = 0. Suppose v + 3*l - 4*l + t = 0, -3*l + 78 = -4*v. Is (-3195)/v - (-6)/4 a composite number?
False
Suppose -3*b = 4*u - 4636, -5*u + 4*b = -7191 + 1396. Suppose -f + u = -j + 3*j, 4*f = 4*j + 4588. Is f a composite number?
False
Let y(l) = -36*l - 5. Suppose 11*j + 16 = 3*j. Is y(j) composite?
False
Suppose 9*c - 526 = 7*c - l, 0 = -4*c - 4*l + 1052. Is c a prime number?
True
Let o(s) = 302*s**2 + 8*s - 1. Let p be o(4). Suppose -7*v + 4*v = -p. Is v prime?
True
Let b be (0/(-4))/(0 + 1). Suppose -m - 6 + 32 = b. Let t = 57 - m. Is t prime?
True
Let g be (6/(-45)*9)/((-2)/(-10)). Is ((-1347)/g)/(3/(-18)*-3) a prime number?
True
Is 191466/(-54)*6/(-2) a composite number?
True
Let q be (-5)/(-10) + 22/4. Let p(x) = 66*x - 15. Let v be p(q). Let s = v - 196. Is s a prime number?
False
Let l(y) = -4*y - 5. Let n be l(3). Let z(k) = -k**3 - 8*k**2 - 22*k - 40. Is z(n) a composite number?
True
Let k be (8/6*-9)/(-2). Let p be (k/5)/((-6)/(-20)). Suppose -2*a + p*v = -3*a + 97, -4*v + 4 = 0. Is a a composite number?
True
Let i = 42 + -2. Suppose -4*t - 3*c = -1622, 363 = t + 2*c - i. Is t prime?
False
Let j be (-16)/(-10)*10/4. Suppose j*w = w - 36. Is ((-33)/w)/((-6)/(-48)) a prime number?
False
Is 16/(-4) + 7840 + 1 a prime number?
False
Suppose 6 = 2*s - 4. Suppose -2*j - 1 = -s. Suppose 3*i - 65 = -j*q, -6*q = -2*q - 4. Is i a prime number?
False
Suppose -n + 147 + 32 = 0. Is n prime?
True
Suppose 4*o + 3*w = 9341, -3519 = -3*o - 3*w + 3489. Is o prime?
True
Suppose 11*j + 2*z = 12*j - 14367, -5*z = 5*j - 71865. Is j prime?
False
Let u = -100 + 134. Is (-17)/(u/(-2460)) - (-2)/(-2) a composite number?
False
Suppose -2*f + 8 - 1 = -r, -3*r = -2*f + 1. Suppose r*g - 6*g - 11979 = 0. Is (-2)/16 - g/8 composite?
False
Let k = -11 - -36. Suppose k = -o - 4*o. Let h(b) = 4*b**2 - 4*b + 1. Is h(o) a composite number?
True
Let x = 326 + 1035. Is x a composite number?
False
Suppose 26*d = 28*d - 4886. Is d a composite number?
True
Let s = -5061 - -7564. Is s prime?
True
Suppose -t - 73 = -2*h - 6*t, -2*h = -3*t - 65. Let i = h - -19. Suppose 4*g - 364 = -5*x, 0 = 4*g + 4*x - i - 311. Is g a prime number?
False
Let i(a) be the third derivative of -a**5/60 + 5*a**4/24 - a**3/2 + 4*a**2. Let x be i(3). Suppose -x*p + 450 = -21. Is p a composite number?
False
Suppose s +